mmon factor of 4 and l?
4
Let a = 585 + -579. Calculate the greatest common divisor of a and 75.
3
Suppose -5 = -3*t + 13. Let v(s) = 3*s + 8*s - s**2 - s - t. Let x be v(9). What is the greatest common divisor of x and 3?
3
Suppose -3*a + 226 = 4*h - a, -5*h = -3*a - 255. Suppose -4*t - 5*c = 42, -3*t + h = -7*t + c. Let i = t + 33. Calculate the highest common divisor of 8 and i.
4
Let x = 41 - 43. Let h be (-2 - -8)/((-1)/x). Let b = 219 - 135. Calculate the greatest common factor of b and h.
12
Let m = -8 + 11. Let i be -6*(-1 + 1/m). Let s be (8 - 2)/((-1)/(-7)) - -2. Calculate the greatest common factor of s and i.
4
Let z(q) = -q - 17. Let m be z(-13). Let c be m*4/(-32)*-22. Let d = -9 - c. What is the highest common divisor of d and 10?
2
Suppose -8*j + 25 = -127. Let w(s) = -s**3 + 9*s**2 - 7*s + 5. Let u be w(4). Calculate the greatest common factor of u and j.
19
Suppose 0 = -70*m + 4588 + 7732. What is the greatest common divisor of 66 and m?
22
Let v = 22 - 42. Let j = 7 + v. Let a = -6 - j. What is the highest common divisor of 56 and a?
7
Let q = -680 - -2348. Calculate the greatest common factor of q and 12.
12
Let l = -948 + 1338. What is the greatest common factor of 78 and l?
78
Let t be (-4)/(1/(-1*(-4 + 3))). Let a be 3/t*(-23 + 3). What is the highest common factor of 165 and a?
15
Let n be (5 + -5)*(-1)/(-4). Let x = n + 2. Let h be 648/16 - x/4. What is the highest common divisor of 20 and h?
20
Suppose 17 = -b + 5*m + 626, -5*m + 2361 = 4*b. Suppose -6*t + b = -0*t. What is the greatest common factor of 66 and t?
33
Let m = 886 - 354. Calculate the greatest common divisor of m and 8.
4
Suppose 4*l + 109 - 29 = 0. Let w be (-12)/15 - 916/l. Calculate the greatest common factor of w and 5.
5
Suppose 5*q = 2*h + 520, q + 2*q - 3*h = 321. Suppose 9*w = 39 + 114. Calculate the highest common divisor of w and q.
17
Suppose -16*p + 62 = -2. Suppose 0 = -p*f + 38 + 58. Calculate the greatest common divisor of f and 108.
12
Let k = 18 + -13. Let b = 47 - 23. Suppose 0 = 4*d - 3*v - 163, -2*v - b + 142 = 3*d. Calculate the highest common divisor of k and d.
5
Suppose -4*h - 2*i - 12 = 0, -5*i + 12 = -0*h - 4*h. Let y be 18 - (-1 - -7)/h. Suppose a - y = 16. Calculate the greatest common divisor of 9 and a.
9
Let f(i) = 3*i**2 + 2*i - 2. Let m be f(2). Let j = 387 - 353. Let h = j - m. Calculate the greatest common divisor of 50 and h.
10
Suppose 7 + 1 = v + 4*x, -2*x = 4. Calculate the greatest common divisor of 18 and v.
2
Suppose 49*q = 55*q - 186. Calculate the greatest common factor of q and 5.
1
Suppose 2*o - 8 = -12. Let d be 2 - (o + -5 + 1). Calculate the highest common divisor of 4 and d.
4
Let c(p) = -p**2 + 14*p - 21. Let k be c(5). What is the highest common divisor of 48 and k?
24
Let j = -6 - -6. Let s be 2 - 1*80/(-4). Let w = j + s. What is the highest common factor of 88 and w?
22
Suppose 4*d + w = -19, 3 = -w + 8. Let a be (-2)/d*0/7. Suppose -35 = -5*r + 5*x - a, 0 = -x + 5. What is the greatest common divisor of 12 and r?
12
Let o(b) = b + 63. Let u be o(0). Let v = -21 + 42. Suppose 3*n + 0*n = v. Calculate the greatest common divisor of n and u.
7
Let t = 1560 - 1540. Calculate the highest common factor of t and 60.
20
Let p be -1 - (-2 - (7 + -3)). Suppose -4*j = -5*q - 385, -4*j + 27 = p*q - 388. Calculate the highest common factor of 40 and j.
20
Let g(r) = -2*r**2 + 8*r - 18. Let d be g(4). Let p = d + 52. What is the greatest common factor of p and 68?
34
Let c(x) = 7*x + 22. Let w be c(8). Let n = w - 60. Suppose 3*l + 0*k - 56 = 2*k, 5*l - 94 = 4*k. What is the highest common divisor of l and n?
18
Let u(w) = 2*w + 108. Let p be u(-43). What is the greatest common factor of p and 11?
11
Suppose 3940 = 83*r - 44. Calculate the highest common divisor of r and 240.
48
Let y be -1 - (1 + 4/(-1)). Let i be y/(-13) + 236/13. Calculate the greatest common factor of i and 144.
18
Let v be 9/(-6) + 2/4. Let h be (-3)/(-15) - 9/(-5). Let c be 50/h + -2 + v. What is the highest common factor of c and 33?
11
Suppose -57*x + 20*x + 4921 = 0. Calculate the greatest common factor of x and 95.
19
Let p be (-2)/(-4)*(-228)/(-6). Suppose p*s - 16 = 15*s. Suppose 6 = 2*b - s. What is the greatest common divisor of b and 55?
5
Let f = 129 + -90. Suppose 4*g + 77 = 5*k, 23*g - 26*g - 35 = -2*k. Calculate the greatest common divisor of f and k.
13
Let b = 25 - 17. Let q = -176 + 227. Suppose 3*y + q = 3*t, 3*t - y = -5*y + 44. What is the greatest common divisor of b and t?
8
Let t be (9/6)/3*0. Suppose -2*a + 374 = -t*a. Suppose 9*q + 40 = 193. What is the highest common divisor of q and a?
17
Suppose 0 = -0*s - 2*s + 4*g - 14, -4*g + 8 = -4*s. Suppose 0 = -7*l + s*l + 648. Let q = 283 - l. Calculate the greatest common factor of 11 and q.
11
Suppose 3*t = -94 + 97. Let g be ((-23)/(-46))/(t/26). Suppose -159 = -5*y + 426. Calculate the greatest common divisor of y and g.
13
Let v(a) = 3*a**2 - 13*a - 32. Let w be v(-3). What is the greatest common factor of w and 255?
17
Suppose 4*w = 15 + 33. Suppose 4*o = 4*r - w, -3*o + 5 = 2*r - 26. Calculate the highest common factor of 20 and r.
4
Suppose -3*g + 260 = 2*z - 7*g, 0 = -5*z + 3*g + 650. What is the greatest common divisor of 208 and z?
26
Let s(j) = -j**2 - 4*j + 4. Let o be s(-4). Suppose t + 5*i - 12 = 0, 2*t - o*i + 48 = 4*t. Calculate the greatest common factor of t and 24.
8
Let o(s) = s**3 - 23*s**2 + 41*s + 22. Let a be o(21). Let y(c) = 3*c**3 + 2*c**2 + c - 2. Let j be y(a). Calculate the highest common factor of j and 2.
2
Let p(v) = v**3 - 4*v**2 - v - 5. Suppose -s - 2*s = -15. Let q = s + 0. Let w be p(q). What is the greatest common divisor of w and 10?
5
Suppose -2*k + 3*b + 90 = b, 3*k - 129 = 5*b. Let x be ((-64)/10)/(32/(-160)). What is the highest common factor of k and x?
16
Let w(o) = -o + 14. Let m be w(11). Suppose -m*a + 305 = 5*y, y + 59 = a - 40. Suppose b + a = 3*b. What is the greatest common divisor of 10 and b?
10
Let y(d) = d + 9. Suppose 2*z - 5*h = -29, 0 = -z + 4*h - 5 - 14. Let r be y(z). Suppose -92 = -r*s + s. Calculate the highest common divisor of 23 and s.
23
Let w be 215085/105 - (-1 + 30/21). What is the highest common divisor of w and 16?
16
Let l be 4*(73/(-4) + 4 + -8). Let z = l - -139. What is the highest common factor of 10 and z?
10
Suppose -9 = -2*w - w, -141 = -3*h + w. Calculate the highest common divisor of 12 and h.
12
Let t be 2/(2 + 0)*10. Suppose q + t = 34. Let z(o) = o**2 + 6*o - 123. Let p be z(9). Calculate the greatest common divisor of p and q.
12
Suppose -11*g - 37 = -14*g - 4*x, 40 = 2*g - 5*x. Let y(l) = l**3 - l**2 - 5*l. Let m be y(5). What is the highest common divisor of g and m?
15
Suppose 4*u + 528 = 3*l + 3591, -2*u + 2*l + 1530 = 0. What is the greatest common factor of 24 and u?
24
Suppose 117*m = 131*m - 4060. What is the highest common divisor of m and 20?
10
Let x = -43 + 72. Let k = 1802 - 1744. What is the greatest common divisor of x and k?
29
Let r = -61 + 65. Suppose 3*b + 531 = r*t, 3*b - 147 = -t - b. What is the highest common divisor of 15 and t?
15
Let x = -6 - -18. Let o = x + -3. Let m be (-1 - (-27)/33) + -6*(-1515)/990. Calculate the greatest common divisor of o and m.
9
Let t = 532 + 293. What is the highest common divisor of 33 and t?
33
Let q be 28/(-16) - 40515/(-148). What is the greatest common divisor of q and 51?
17
Suppose -u = -4*y - 268, -9*y + 11*y = 3*u - 774. Let g be 2/((-3)/(-3))*8. What is the greatest common factor of u and g?
16
Let i = -784 - -862. What is the highest common divisor of i and 39?
39
Let w = 28 - 0. Let t = -15 + w. What is the greatest common divisor of 52 and t?
13
Suppose 152*o - 157*o = -15. Calculate the highest common factor of o and 31.
1
Let x = -65 - -6. Let f = -54 - x. What is the highest common divisor of 3 and f?
1
Let z be (4/(-2))/(((-1)/(-25))/(-1)). What is the greatest common factor of z and 90?
10
Let h be (2 + -1)*36/2. Let w = -271 - -405. Suppose 5*v - 45 = -a + 91, a + 4*v = w. What is the greatest common divisor of a and h?
18
Suppose -3*y - 309 = -4*m - 795, 4*m = y - 170. Let q = -138 + y. What is the highest common divisor of q and 30?
10
Let i(o) = -o**3 - 6*o**2 - 4*o + 5. Let m be i(-5). Suppose m = 3*f + 9